2 + 14*p - 102. What is a(5)?
-257
Let o(m) = -89*m + 619. Determine o(9).
-182
Let o(u) = u**3 - 69*u**2 - 66*u - 193. Determine o(70).
87
Let m(q) = 43341*q - 86685. Determine m(2).
-3
Let l(q) = q**3 - 50*q**2 - 46*q - 154. Determine l(51).
101
Let l(a) = -85*a - 120. Calculate l(8).
-800
Let b(o) = -o**3 - 66*o**2 - 124*o + 595. Give b(-64).
339
Let x(r) = r**3 - 14*r**2 + 10*r + 120. Give x(13).
81
Let f(p) = -9*p - 267. Determine f(-30).
3
Let l(n) = -n**3 - 6*n**2 + 227*n + 212. What is l(-18)?
14
Let h(n) = 5910*n + 82736. Give h(-14).
-4
Let h(f) = f**3 - 24*f**2 - 52*f + 70. Determine h(26).
70
Let f(l) = -12286*l - 98284. Give f(-8).
4
Let o(q) = -q**3 - 33*q + 101. Give o(0).
101
Let y(j) = 25*j - 135. What is y(0)?
-135
Let j(q) = -36*q**2 + 39*q - 77. Determine j(2).
-143
Let g(s) = 38*s + 2624. Determine g(-69).
2
Let p(i) = -4*i**2 - 240*i + 38. What is p(-60)?
38
Let m(y) = -55*y + 413. Give m(25).
-962
Let h(u) = 7*u**3 - 2*u**2 - 22*u + 24. Calculate h(4).
352
Let o(b) = 117*b**2 - 1514*b. Give o(13).
91
Let z(x) = -4*x**2 + 30*x - 40. Determine z(5).
10
Let z(l) = 9*l**3 - 2*l**2 - 2*l + 5. Determine z(-2).
-71
Let c(w) = -w**3 - 21*w**2 + 22*w - 4. Calculate c(-22).
-4
Let l(q) = 2*q**3 + 44*q**2 - 97*q - 31. What is l(-24)?
-7
Let v(s) = 2*s**2 + 2458*s - 88473. Give v(35).
7
Let w(z) = -4*z**2 + 532*z - 530. Give w(1).
-2
Let m(d) = -4*d**2 - 596*d + 35. Give m(-149).
35
Let u(p) = p**3 - 4*p**2 - 35*p - 14. What is u(-4)?
-2
Let b(j) = -j**3 - 144*j**2 - 5170*j - 147. Give b(-76).
5
Let u(d) = -1798*d**2 - 12585*d + 10. What is u(-7)?
3
Let l(v) = 6*v**2 + 20*v + 4. Calculate l(-2).
-12
Let o(l) = l**2 + 30*l - 28. What is o(-13)?
-249
Let w(u) = -13*u**3 - 2*u**2 - 6*u - 5. Give w(-3).
346
Let w(g) = -2*g**3 - 29*g**2 + 599*g + 34. Calculate w(-26).
8
Let v(d) = -16*d**2 - 81*d + 15. Give v(-7).
-202
Let b(m) = m**2 - 50*m + 232. What is b(41)?
-137
Let x(h) = -21*h**2 + 158*h + 94. Calculate x(8).
14
Let c(k) = -3*k**2 + 817*k - 2433. Give c(3).
-9
Let w(j) = j**2 - 7*j - 28. What is w(5)?
-38
Let l(a) = -2*a**2 - 806*a + 164492. Calculate l(-552).
-4
Let m(z) = -z**2 + 581. Give m(-23).
52
Let s(h) = 131*h + 653. Calculate s(-5).
-2
Let f(w) = -w**3 + w**2 + 7*w - 24. What is f(-4)?
28
Let b(a) = 7*a - 579. Calculate b(82).
-5
Let b(n) = 6*n**3 - 69*n**2 - 51*n + 189. Determine b(12).
9
Let l(j) = -j**3 - 5*j**2 + 38*j - 3. What is l(-9)?
-21
Let r(x) = 3*x**2 - 486*x - 978. Calculate r(-2).
6
Let s(q) = -q**2 - q + 8. What is s(-4)?
-4
Let k(q) = -q**2 - 47*q - 331. Determine k(-35).
89
Let j(q) = -3*q**2 - 2844*q - 5686. What is j(-2)?
-10
Let u(b) = 1695*b - 18645. Calculate u(11).
0
Let j(t) = -25*t - 216. Give j(-8).
-16
Let g(a) = 2*a**3 + 162*a**2 - 522*a - 1520. What is g(-84)?
-8
Let h(g) = -7*g**3 - 6*g + 6. Calculate h(3).
-201
Let s(u) = 4*u**2 + 226*u - 110. Determine s(-57).
4
Let h(n) = 106*n + 465. Calculate h(-5).
-65
Let g(k) = 2*k**3 + 5*k**2 - 25*k - 101. Determine g(-4).
-49
Let z(g) = -g**3 - 3*g**2 + 52*g + 12. Give z(-7).
-156
Let k(o) = -26*o**3 - 102*o - 101. Give k(-1).
27
Let i(m) = -m**2 - m + 130. Give i(10).
20
Let q(g) = g**3 + 4*g**2 + 317*g + 626. Calculate q(-2).
0
Let f(y) = 210*y**2 + 82*y + 82. Give f(-1).
210
Let l(c) = -376*c - 5942. What is l(-16)?
74
Let g(n) = -1436*n - 31601. What is g(-22)?
-9
Let p(m) = 2*m**2 - 29. Determine p(5).
21
Let i(r) = 2*r**3 + 18*r**2 - 665*r - 476. Calculate i(-23).
7
Let t(g) = -23*g + 119. Give t(6).
-19
Let s(j) = 595*j - 341. Determine s(1).
254
Let o(s) = 4*s**3 - 44*s**2 + 17*s - 205. Give o(11).
-18
Let g(i) = -328*i + 22226. Give g(68).
-78
Let y(o) = -87*o**2 + 3567*o + 12. What is y(41)?
12
Let n(s) = -s**3 - 38*s**2 + 2339*s - 283. Calculate n(-71).
1
Let c(r) = -7*r**3 - 112*r**2 + 27*r + 579. Give c(-16).
147
Let x(c) = 44*c**2 + 4089*c - 274. Determine x(-93).
5
Let k(a) = -8*a**3 - 137*a**2 - 16*a - 71. Give k(-17).
-88
Let m(n) = -n**3 + 3*n**2 - 6. What is m(3)?
-6
Let t(w) = -42*w**2 - 4029*w + 285. Determine t(-96).
-3
Let r(k) = 613*k + 2449. Determine r(-4).
-3
Let s(p) = 157*p + 1. What is s(0)?
1
Let f(q) = -q**3 + 11*q**2 - 42*q + 23. Determine f(5).
-37
Let u(i) = -3*i**2 - 126*i + 3191. Give u(-60).
-49
Let l(n) = -3*n**2 - n + 22. Give l(5).
-58
Let d(p) = -459*p + 12868. Calculate d(28).
16
Let t(l) = -2*l**3 + 45*l - 78. Determine t(2).
-4
Let h(x) = -3560*x - 32043. Determine h(-9).
-3
Let a(r) = -390*r + 10924. Give a(28).
4
Let d(g) = -922*g - 5437. Determine d(-6).
95
Let o(r) = -r**2 + 208*r + 1504. Give o(-7).
-1
Let s(d) = 18*d**2 + 166*d + 1043. Give s(-6).
695
Let y(s) = -4635*s - 69529. Calculate y(-15).
-4
Let x(b) = b**3 - b**2 - 4*b - 2. Calculate x(-3).
-26
Let d(u) = u**3 + 300*u**2 - 637*u - 9970. Give d(-302).
-4
Let f(y) = -2*y**2 + 17*y + 249. Determine f(-7).
32
Let j(d) = -77*d - 3. Determine j(0).
-3
Let g(d) = 2*d**3 - 54*d**2 + 112*d - 3. What is g(2)?
21
Let n(a) = -3445*a - 82683. Determine n(-24).
-3
Let n(k) = -k**3 + 8*k**2 - 9*k - 21. Determine n(9).
-183
Let f(i) = 4*i**3 - 3*i**2 - 231*i + 388. Determine f(7).
-4
Let j(w) = 3*w**2 + 130*w + 467. Determine j(-4).
-5
Let j(a) = a**3 + 16*a**2 - 29*a + 20. Calculate j(-14).
818
Let y(j) = 53*j - 551. What is y(10)?
-21
Let b(m) = m**3 - 34*m**2 - 20*m - 845. Calculate b(35).
-320
Let g(l) = 39*l + 183. Give g(-10).
-207
Let p(l) = l**3 - 34*l**2 - 552*l + 3. Give p(46).
3
Let t(q) = -q**3 + 64*q**2 - 127*q - 3424. Give t(61).
-8
Let z(m) = -13*m**2 + 393*m - 62. Give z(30).
28
Let y(w) = 2*w**3 + w**2 + 17*w + 32. What is y(-2)?
-14
Let c(f) = -3*f**3 + 14*f**2 - 5*f - 3. What is c(2)?
19
Let z(w) = -w**3 + 11*w**2 - 39*w + 50. Calculate z(5).
5
Let z(v) = -v**3 + 14*v**2 - 58*v + 137. What is z(9)?
20
Let v(s) = 3*s**2 - 227*s + 601. What is v(73)?
17
Let h(u) = 28*u - 1086. Determine h(41).
62
Let k(x) = 2*x**3 + 8*x**2 - 246*x - 1185. Determine k(-5).
-5
Let r(f) = -6*f - 26. Calculate r(5).
-56
Let l(g) = -g**3 - 23*g**2 - 151*g - 211. What is l(-10)?
-1
Let q(v) = 2*v**2 + 46*v + 92. What is q(-21)?
8
Let p(s) = -s - 142. Give p(-157).
15
Let l(u) = -u**2 - 15*u - 54. Calculate l(-7).
2
Let u(a) = -3*a**3 + 336*a**2 - 663*a + 318. What is u(110)?
-12
Let p(d) = 2*d - 72. Calculate p(30).
-12
Let l(a) = -a**3 - 17*a**2 + 3*a + 127. Determine l(-17).
76
Let c(a) = 1649*a - 54426. Calculate c(33).
-9
Let j(s) = -258*s + 777. Give j(3).
3
Let i(a) = -a**2 + 36*a + 434. Calculate i(-10).
-26
Let u(k) = 179*k**2 + 32*k - 32. What is u(1)?
179
Let w(s) = 2*s**3 + 15*s**2 - 47*s + 40. What is w(-10)?
10
Let i(k) = -3*k**2 - 33*k + 267. Calculate i(6).
-39
Let h(i) = 14*i**2 + 67*i + 89. Determine h(-5).
104
Let r(y) = 90*y + 9. What is r(0)?
9
Let x(f) = 5*f**3 - 64*f**2 - 173*f + 124. Determine x(15).
4
Let n(l) = -63*l**3 - l**2 + 12*l - 11. Determine n(1).
-63
Let h(o) = -9155*o + 283809. Give h(31).
4
Let l(x) = -153*x - 3840. What is l(-25)?
-15
Let u(c) = 49*c**2 + 1721*c + 256. What is u(-35)?
46
Let s(k) = -209*k - 3321. What is s(-16)?
23
Let c(y) = -42*y**3 - 2*y**2 - 10*y - 7. What is c(-1)?
43
Let o(c) = -19*c - 115. Calculate o(0).
-115
Let d(i) = -11*i**2 + 688*i + 204. What is d(63)?
-111
Let g(n) = -7*n**2 - 26*n + 2. Determine g(-3).
17
Let a(x) = -11*x**2 + 54*x - 44. Give a(4).
-4
Let l(g) = 2*g**2 + 21*g + 23. What is l(-11)?
34
Let g(m) = -131*m - 1459. Calculate g(-11).
-18
Let j(l) = -2*l + 172. Give j(-6).
184
Let g(b) = 11*b**2 + 25*b - 135. Determine g(4).
141
Let m(y) = -513*y - 1419. Calculate m(-4).
633
Let u(q) = -3*q**2 - 94*q + 409. Give u(-35).
24
Let g(s) = -s**2 + 39*s + 60. What is g(40)?
20
Let n(a) = a**2 + 9*a + 90. What is n(-18)?
252
Let w(r) = -r**3 + 17*r**2 - 53*r + 59. What is w(14)?
-95
Let h(b) = -b**2 - 17*b + 55. Give h(4).
-29
Let q(x) = x - 50. Determine q(5).
-45
Let j(u) = -u**3 + 83*u + 1. What is j(9)?
19
Let h(i) = 327*i - 1081. What is h(3)?
-100
Let m(p) = -p**2 + 10*p + 352. What is m(23)?
53
Let d(k) = 53*k - 1874. Give d(37).
87
Let n(h) = 2*h**3 + 3*h**2 - 8*h - 3. Give n(-5).
-138
Let t(w) = -2*w**2 + 111*w + 56. Calculate t(56).
0
Let w(u) = 3*u**3 - 30*u**2 - 80*u + 507. Determine w(11).
-10
Let j(u) = u**3 + 18*u**2 + 55*u - 32. Determine j(-14).
-18
Let h(j) = 7*j**2 +